 is the hundred thousands digit of 124657?
1
What is the tens digit of 5768272?
7
What is the units digit of 208653?
3
What is the thousands digit of 1664728?
4
What is the units digit of 450964?
4
What is the hundred thousands digit of 4051187?
0
What is the ten millions digit of 20483243?
2
What is the tens digit of 269098?
9
What is the millions digit of 1384902?
1
What is the thousands digit of 753646?
3
What is the hundred thousands digit of 248846?
2
What is the ten thousands digit of 5861631?
6
What is the ten thousands digit of 2038495?
3
What is the units digit of 9491447?
7
What is the tens digit of 9154870?
7
What is the units digit of 7611621?
1
What is the ten thousands digit of 152743?
5
What is the hundreds digit of 6330743?
7
What is the thousands digit of 30596340?
6
What is the ten thousands digit of 111648?
1
What is the units digit of 1522841?
1
What is the millions digit of 11625732?
1
What is the ten thousands digit of 8420191?
2
What is the hundred thousands digit of 9182782?
1
What is the tens digit of 5710172?
7
What is the tens digit of 1202060?
6
What is the hundreds digit of 4771975?
9
What is the millions digit of 20414680?
0
What is the ten millions digit of 10579851?
1
What is the ten thousands digit of 27937704?
3
What is the hundreds digit of 336318?
3
What is the thousands digit of 1393034?
3
What is the thousands digit of 814981?
4
What is the tens digit of 177469?
6
What is the hundred thousands digit of 548108?
5
What is the hundreds digit of 13535?
5
What is the thousands digit of 399403?
9
What is the hundreds digit of 273581?
5
What is the hundreds digit of 26428910?
9
What is the millions digit of 1144801?
1
What is the thousands digit of 329787?
9
What is the thousands digit of 159309?
9
What is the hundreds digit of 1592514?
5
What is the ten millions digit of 28593533?
2
What is the ten thousands digit of 405357?
0
What is the ten thousands digit of 258973?
5
What is the units digit of 21185001?
1
What is the hundred thousands digit of 7114450?
1
What is the hundreds digit of 21945590?
5
What is the hundreds digit of 1148706?
7
What is the units digit of 357382?
2
What is the units digit of 1309331?
1
What is the millions digit of 2202371?
2
What is the ten thousands digit of 409445?
0
What is the hundreds digit of 1280893?
8
What is the tens digit of 4535175?
7
What is the ten thousands digit of 877134?
7
What is the thousands digit of 620506?
0
What is the hundred thousands digit of 14150333?
1
What is the hundreds digit of 17382848?
8
What is the hundred thousands digit of 12783537?
7
What is the hundreds digit of 3213742?
7
What is the units digit of 3065630?
0
What is the ten thousands digit of 7298738?
9
What is the hundred thousands digit of 4001267?
0
What is the thousands digit of 151191?
1
What is the hundreds digit of 75687?
6
What is the tens digit of 2067917?
1
What is the tens digit of 61488?
8
What is the units digit of 7520344?
4
What is the hundreds digit of 429448?
4
What is the hundred thousands digit of 355696?
3
What is the tens digit of 1853770?
7
What is the hundred thousands digit of 17892649?
8
What is the hundred thousands digit of 634415?
6
What is the hundreds digit of 2837463?
4
What is the thousands digit of 19936249?
6
What is the hundreds digit of 602984?
9
What is the thousands digit of 71137?
1
What is the ten thousands digit of 33788?
3
What is the thousands digit of 744681?
4
What is the hundreds digit of 272910?
9
What is the units digit of 13092406?
6
What is the tens digit of 5705330?
3
What is the hundred thousands digit of 14718413?
7
What is the hundred thousands digit of 194990?
1
What is the hundreds digit of 2437012?
0
What is the units digit of 109103?
3
What is the units digit of 157759?
9
What is the hundreds digit of 277996?
9
What is the millions digit of 5266270?
5
What is the hundred thousands digit of 25086104?
0
What is the hundred thousands digit of 1349440?
3
What is the thousands digit of 12839663?
9
What is the tens digit of 172348?
4
What is the ten thousands digit of 12888442?
8
What is the ten thousands digit of 7903534?
0
What is the ten thousands digit of 2740730?
4
What is the units digit of 124688?
8
What is the units digit of 599697?
7
What is the millions digit of 6952180?
6
What is the millions digit of 5881647?
5
What is the thousands digit of 8157640?
7
What is the thousands digit of 8197607?
7
What is the units digit of 10917125?
5
What is the ten thousands digit of 1311419?
1
What is the hundred thousands digit of 1678107?
6
What is the tens digit of 9588372?
7
What is the hundred thousands digit of 308811?
3
What is the tens digit of 511937?
3
What is the thousands digit of 5370398?
0
What is the tens digit of 25223336?
3
What is the hundred thousands digit of 3044714?
0
What is the units digit of 495815?
5
What is the hundred thousands digit of 244761?
2
What is the thousands digit of 119532?
9
What is the tens digit of 4835618?
1
What is the hundred thousands digit of 12828806?
8
What is the tens digit of 504552?
5
What is the hundred thousands digit of 351160?
3
What is the ten thousands digit of 425702?
2
What is the millions digit of 4617767?
4
What is the hundreds digit of 6858753?
7
What is the hundreds digit of 154437?
4
What is the tens digit of 1920477?
7
What is the tens digit of 227531?
3
What is the hundreds digit of 21579239?
2
What is the tens digit of 15342355?
5
What is the ten thousands digit of 419745?
1
What is the units digit of 1245816?
6
What is the units digit of 3540877?
7
What is the ten thousands digit of 27366624?
6
What is the millions digit of 8297509?
8
What is the hundred thousands digit of 2245951?
2
What is the tens digit of 688588?
8
What is the units digit of 632494?
4
What is the tens digit of 1972510?
1
What is the hundreds digit of 40304?
3
What is the hundreds digit of 6505945?
9
What is the tens digit of 125789?
8
What is the thousands digit of 1003212?
3
What is the ten thousands digit of 358253?
5
What is the ten thousands digit of 412625?
1
What is the hundred thousands digit of 135637?
1
What is the units digit of 5358577?
7
What is the units digit of 234373?
3
What is the hundreds digit of 39614?
6
What is the hundreds digit of 136206?
2
What is the hundred thousands digit of 176970?
1
What is the thousands digit of 836037?
6
What is the hundreds digit of 185577?
5
What is the hundred thousands digit of 323554?
3
What is the millions digit of 1345779?
1
What is the hundred thousands digit of 323477?
3
What is the ten thousands digit of 1112271?
1
What is the hundred thousands digit of 7119999?
1
What is the tens digit of 140475?
7
What is the ten thousands digit of 133872?
3
What is the hundreds digit of 3265914?
9
What is the hundreds digit of 263193?
1
What is the units digit of 479359?
9
What is the hundreds digit of 218510?
5
What is the hundred thousands digit of 438890?
4
What is the ten millions digit of 13729897?
1
What is the units digit of 2204787?
7
What is the millions digit of 19304882?
9
What is the hundred thousands digit of 297001?
2
What is the hundred thousands digit of 11772690?
7
What is the thousands digit of 32627139?
7
What is the ten thousands digit of 8870531?
7
What is the tens digit of 253442?
4
What is the ten thousands digit of 75737?
7
What is the tens digit of 5391397?
9
What is the ten thousands digit of 13420255?
2
What is the thousands digit of 2285910?
5
What is the millions digit of 14228827?
4
What is the tens digit of 403676?
7
What is the hundreds digit of 299090?
0
What is the units digit of 3690046?
6
What is the ten thousands digit of 1891925?
9
What is the thousands digit of 14734561?
4
What is the thousands digit of 958021?
8
What is the units digit of 253804?
4
What is the thousands digit of 85575?
5
What is the hundreds digit of 239649?
6
What is the thousands digit of 287897?
7
What is the tens digit of 1367086?
8
What is the tens digit of 364556?
5
What is the hundreds digit of 148401?
4
What is the tens digit of 1938097?
9
What is the thousands digit of 190282?
0
What is the tens digit of 1039479?
7
What is the hundred thousands digit of 11238233?
2
What is the units digit of 14271379?
9
What is the thousands digit of 3351467?
1
W